{"id":50,"date":"2020-06-16T14:39:05","date_gmt":"2020-06-16T14:39:05","guid":{"rendered":"https:\/\/hemengoak.wordpress.com\/?page_id=50"},"modified":"2025-02-22T08:54:08","modified_gmt":"2025-02-22T08:54:08","slug":"pagina-de-inicio","status":"publish","type":"page","link":"https:\/\/www.hemengoak.eus\/","title":{"rendered":"Euskararen eta euskaldunen inguruko ikerketak"},"content":{"rendered":"\n<p>Xabi Oterok <a rel=\"noreferrer noopener\" href=\"https:\/\/jauzarrea.com\/es\" target=\"_blank\">Jauzarreaz<\/a> eta urteetako jakintza pilaketaz hitz egin digu.<\/p>\n\n\n\n<iframe width=\"560\" height=\"315\" src=\"https:\/\/www.youtube.com\/embed\/BkOBlLK3d8U?si=rN54Ikh4ROIctS1w\" title=\"YouTube video player\" frameborder=\"0\" allow=\"accelerometer; autoplay; clipboard-write; encrypted-media; gyroscope; picture-in-picture; web-share\" referrerpolicy=\"strict-origin-when-cross-origin\" allowfullscreen=\"\"><\/iframe>\n\n\n<div class=\"wp-block-cover alignfull has-background-dim-60 has-foreground-dark-background-color has-background-dim has-parallax has-custom-content-position is-position-top-center\" style=\"background-image: url(https:\/\/www.hemengoak.eus\/wp-content\/uploads\/2020\/10\/20200616_141333-scaled.jpg);\"><div class=\"wp-block-cover__inner-container\">\n<div style=\"height:128px\" aria-hidden=\"true\" class=\"wp-block-spacer\"><\/div>\n\n\n\n<h1 class=\"has-text-align-center\">Hemengoak<\/h1>\n\n\n\n<pre id=\"tw-target-text\" class=\"wp-block-preformatted\"><\/pre>\n\n\n\n<p><\/p>\n\n\n\n<p>Lur honetan jaio ginen, edo sortu gintuzten, duela milaka urte. Munduan barrena zabaldu gara, bertatik gatoz eta. Zorionez edo zoritxarrez, harrotasunez eta ez harrokeriaz, HEMENGOAK gara. Belaunaldiz-belaunaldi, amak haurrari, idatziz deskriba ezin daitekeen LEKUKOA eman dio, eta gureganaino iritsi da. Katebegi bat besterik ez gara; txikia, oso txikia. Baina gure txikitasunean, nortzuk gara kate amaigabe hori hausteko?<\/p>\n\n\n\n<p>Kultur Elkarte gisa jaio ginen, edo sortu gintuzten, EUSKARA eta euskaldunon inguruko erakusketa ibiltariak, hitzaldiak, usadioak&#8230; sustatzeko helburuarekin; gure hizkuntza, kultura eta identitate berezia markatu duten ohitura tradizionalak bizirik mantentzeko beharrarekin. <\/p>\n\n\n\n<p><\/p>\n\n\n\n<p><\/p>\n\n\n\n<p><\/p>\n<\/div><\/div>\n\n<div class=\"wp-block-cover alignfull has-background-dim-70 has-foreground-dark-background-color has-background-dim has-parallax has-custom-content-position is-position-top-center\" style=\"background-image: url(https:\/\/www.hemengoak.eus\/wp-content\/uploads\/2020\/10\/20200616_141028-2-1-scaled.jpg);\"><div class=\"wp-block-cover__inner-container\">\n<p><\/p>\n\n\n\n<p><\/p>\n\n\n\n<p><\/p>\n\n\n\n<p class=\"has-text-align-center has-large-font-size\">\u00abTradizioak badu gauza onik, erabiltzen jakinez gero, ez, ordea, berak menderatzen bagaitu eta haren altzo goxotik ateratzera ez bagara ausartzen\u00bb.<\/p>\n\n\n\n<p class=\"has-text-align-center has-large-font-size\"> Joxean Artze<\/p>\n<\/div><\/div>\n\n<div class=\"wp-block-cover alignfull has-background-dim-40 has-foreground-dark-background-color has-background-dim has-parallax is-position-center-center\" style=\"background-image: url(https:\/\/www.hemengoak.eus\/wp-content\/uploads\/2020\/10\/IMG-20200304-WA0029-2.jpg); min-height: 866px;\"><div class=\"wp-block-cover__inner-container\">\n<p class=\"has-text-align-center\" style=\"line-height:1.2\"><\/p>\n\n\n\n<p class=\"has-text-align-center margin-bottom-half\"><\/p>\n\n\n\n<h2 class=\"has-text-align-center margin-top-half\"><\/h2>\n\n\n\n<div class=\"wp-block-buttons aligncenter\">\n<div class=\"wp-block-button is-style-fill\"><a class=\"wp-block-button__link has-background-color has-text-color\" href=\"https:\/\/hemengoak.wordpress.com\/contact\/\">IDATZI<\/a><\/div>\n<\/div>\n<\/div><\/div>\n\n<div class=\"wp-block-cover alignfull has-background-dim-70 has-foreground-dark-background-color has-background-dim has-parallax\" style=\"background-image: url(https:\/\/www.hemengoak.eus\/wp-content\/uploads\/2020\/10\/IMG-20200304-WA0032-1.jpg); min-height: 927px;\"><div class=\"wp-block-cover__inner-container\">\n<h2 class=\"has-text-align-center\">Komunikabideek zer diote&#8230;<\/h2>\n\n\n\n<div style=\"height:20px\" aria-hidden=\"true\" class=\"wp-block-spacer\"><\/div>\n\n\n\n<div class=\"wp-block-group alignfull\"><div class=\"wp-block-group__inner-container\">\n<div class=\"wp-block-columns alignwide are-vertically-aligned-top\">\n<div class=\"wp-block-column is-vertically-aligned-top\">\n<h6><a rel=\"noreferrer noopener\" href=\"https:\/\/ataria.eus\/amezketa\/1568974459768-gorka-garmendia-euskarazko-hitzak-soinuen-mapak-dira\" target=\"_blank\"><\/a><a rel=\"noreferrer noopener\" href=\"https:\/\/www.naiz.eus\/eu\/info\/noticia\/20241203\/en-busca-del-alma-de-las-palabras\" target=\"_blank\">Naiz<\/a><\/h6>\n\n\n\n<h4><a rel=\"noreferrer noopener\" href=\"https:\/\/ataria.eus\/amezketa\/1568974459768-gorka-garmendia-euskarazko-hitzak-soinuen-mapak-dira\" target=\"_blank\"><\/a><a rel=\"noreferrer noopener\" href=\"https:\/\/www.naiz.eus\/eu\/info\/noticia\/20241203\/en-busca-del-alma-de-las-palabras\" target=\"_blank\">En busca del alma de las palabras<\/a><\/h4>\n\n\n\n<p>\u00bfPor qu\u00e9 en euskera llamamos \u00abate\u00bb a las puertas? \u00bfPor qu\u00e9 los nombres de muchos seres vivos comienzan por \u00abar\u00bb? Son preguntas para las que los ling\u00fcistas no tienen respuesta pero a las que el historiador donostiarra Gorka Garmendia ha encontrado explicaci\u00f3n analizando \u00abel alma de las palabras\u00bb.<\/p>\n<\/div>\n\n\n\n<div class=\"wp-block-column is-vertically-aligned-top\">\n<h6><a rel=\"noreferrer noopener\" href=\"https:\/\/www.naiz.eus\/eu\/info\/noticia\/20241203\/en-busca-del-alma-de-las-palabras\" target=\"_blank\"><\/a><a rel=\"noreferrer noopener\" href=\"https:\/\/ataria.eus\/amezketa\/1568974459768-gorka-garmendia-euskarazko-hitzak-soinuen-mapak-dira\" target=\"_blank\">Tolosaldeko Ataria<\/a><\/h6>\n\n\n\n<h4><a rel=\"noreferrer noopener\" href=\"https:\/\/www.naiz.eus\/eu\/info\/noticia\/20241203\/en-busca-del-alma-de-las-palabras\" target=\"_blank\"><\/a><a rel=\"noreferrer noopener\" href=\"https:\/\/ataria.eus\/amezketa\/1568974459768-gorka-garmendia-euskarazko-hitzak-soinuen-mapak-dira\" target=\"_blank\">\u00abEuskarazko hitzak soinuen mapak dira\u00bb<\/a><\/h4>\n\n\n\n<p>Xibarit argitaletxearekin \u2018BA edo munduen arteko oreka\u2019 liburua argitaratu du Gorka Garmendiak; Joseba Urretabizkaia tolosarraren argazkiekin osatu du argitalpena, eta Bixente Gorostidi amezketarrak itzuli du testua euskarara.<\/p>\n<\/div>\n\n\n\n<div class=\"wp-block-column is-vertically-aligned-top\">\n<h6><a rel=\"noreferrer noopener\" href=\"https:\/\/www.gipuzkoa.eus\/es\/web\/kultura\/-\/-ba-edo-munduen-areko-oreka-liburua-aurkeztu-dute-euskal-itsas-museoan\" target=\"_blank\">Gipuzkoa Kultura<\/a><\/h6>\n\n\n\n<h4><a rel=\"noreferrer noopener\" href=\"https:\/\/www.gipuzkoa.eus\/es\/web\/kultura\/-\/-ba-edo-munduen-areko-oreka-liburua-aurkeztu-dute-euskal-itsas-museoan\" target=\"_blank\">Presentado en el Museo Mar\u00edtimo Vasco, el libro \u201cBA, el equilibrio entre los mundos\u201d<\/a><\/h4>\n\n\n\n<p>La novela nos sit\u00faa en los albores del siglo XVI, en la sierra de Aralar a la que llegaron los inquisidores, y nos cuenta la historia de Mar\u00eda de Intza, una joven de 13 a\u00f1os que figura en los documentos del proceso brujeril de 1595 del valle de Araiz\u2026<\/p>\n<\/div>\n<\/div>\n<\/div><\/div>\n\n\n\n<div class=\"wp-block-columns alignwide\">\n<div class=\"wp-block-column\">\n<p><a href=\"https:\/\/aiurri.eus\/eskualdea\/1574429182421-euskal-emakumeen-aldeko-aldarria-egiten-dut-liburuan\" target=\"_blank\" rel=\"noreferrer noopener\">Aiurri<\/a><\/p>\n\n\n\n<h4><a href=\"https:\/\/aiurri.eus\/eskualdea\/1574429182421-euskal-emakumeen-aldeko-aldarria-egiten-dut-liburuan\" target=\"_blank\" rel=\"noreferrer noopener\">\u00abEuskal emakumeen aldeko aldarria egiten dut liburuan\u00bb<\/a><\/h4>\n\n\n\n<p class=\"has-small-font-size\" style=\"font-size:16px\">&#8216;BA, edo munduen arteko oreka&#8217; liburua aurkeztuko du, Gorka Garmendia ikerlariak, Larraulgo Kultur Astearen baitan. Euskara, euskaldunon jatorria edota ohiturak, gai asko jorratzen du liburuak. Azaroaren 26an eskainiko du hitzaldia, 19:00etan hasita, kultur etxean<\/p>\n<\/div>\n\n\n\n<div class=\"wp-block-column\">\n<p><a href=\"https:\/\/www.diariovasco.com\/culturas\/libros\/munduen-arteko-oreka-20190620164234-nt.html\" target=\"_blank\" rel=\"noreferrer noopener\">Diario Vasco<\/a><\/p>\n\n\n\n<h4><a href=\"https:\/\/www.diariovasco.com\/culturas\/libros\/munduen-arteko-oreka-20190620164234-nt.html\" target=\"_blank\" rel=\"noreferrer noopener\">&#8216;BA edo munduen arteko oreka&#8217; liburua aurkeztuko dute ekainaren 21ean Euskal Itsas Museoan<\/a><\/h4>\n\n\n\n<p style=\"font-size:16px\">Ekainaren 21ean, ostirala, Donostiako Euskal Itsas Museoan Gorka Garmendia eta Joseba Urretabizkaiaren &#8216;BA edo munduen arteko oreka&#8217; liburuaren aurkezpena egingo dute. Egiazko gertakarietan oinarritutako eleberri historikoa da&#8230;<\/p>\n<\/div>\n\n\n\n<div class=\"wp-block-column\">\n<p><a href=\"https:\/\/www.naiz.eus\/es\/actualidad\/noticia\/20190620\/desvelan-el-secreto-de-las-sorginak\" target=\"_blank\" rel=\"noreferrer noopener\">Naiz<\/a><\/p>\n\n\n\n<h4><a href=\"https:\/\/www.naiz.eus\/es\/info\/noticia\/20190620\/desvelan-el-secreto-de-las-sorginak\" target=\"_blank\" rel=\"noreferrer noopener\">Desvelan el milenario secreto de las sorgi\u00f1ak<\/a><\/h4>\n\n\n\n<p class=\"has-small-font-size\" style=\"font-size:16px\">Nadie ha puesto nunca en duda que las sorgi\u00f1ak eran sacerdotisas dotadas de poderes extraordinarios. El historiador Gorka Garmendia cree haber descubierto su secreto: eran las encargadas de cuidar del mundo de los vivos, y tambi\u00e9n el de los muertos, de ah\u00ed las ceremonias que realizaban en los prados donde se encontraban los enterramientos prehist\u00f3ricos&#8230;<\/p>\n<\/div>\n<\/div>\n\n\n\n<div class=\"wp-block-group alignwide\"><div class=\"wp-block-group__inner-container\"><\/div><\/div>\n<\/div><\/div>\n\n\n<p><a href=\"mailto:hemengoakweb@gmail.com\" target=\"_blank\" rel=\"noreferrer noopener\">hemengoakweb@gmail.com<\/a><\/p>\n\n\n\n<div class=\"wp-block-group alignfull\"><div class=\"wp-block-group__inner-container\">\n<ul class=\"wp-block-social-links aligncenter is-style-logos-only\"><li class=\"wp-social-link wp-social-link-facebook wp-block-social-link\"><a href=\"https:\/\/www.facebook.com\/Hemengoak-108142654157207\/?modal=admin_todo_tour\" aria-label=\"Facebook\"> <svg width=\"24\" height=\"24\" viewbox=\"0 0 24 24\" version=\"1.1\" xmlns=\"http:\/\/www.w3.org\/2000\/svg\" role=\"img\" aria-hidden=\"true\" focusable=\"false\"><path d=\"M12 2C6.5 2 2 6.5 2 12c0 5 3.7 9.1 8.4 9.9v-7H7.9V12h2.5V9.8c0-2.5 1.5-3.9 3.8-3.9 1.1 0 2.2.2 2.2.2v2.5h-1.3c-1.2 0-1.6.8-1.6 1.6V12h2.8l-.4 2.9h-2.3v7C18.3 21.1 22 17 22 12c0-5.5-4.5-10-10-10z\"><\/path><\/svg><\/a><\/li>\n\n<li class=\"wp-social-link wp-social-link-twitter wp-block-social-link\"><a href=\"https:\/\/twitter.com\/hemengoak\" aria-label=\"Twitter\"> <svg width=\"24\" height=\"24\" viewbox=\"0 0 24 24\" version=\"1.1\" xmlns=\"http:\/\/www.w3.org\/2000\/svg\" role=\"img\" aria-hidden=\"true\" focusable=\"false\"><path d=\"M22.23,5.924c-0.736,0.326-1.527,0.547-2.357,0.646c0.847-0.508,1.498-1.312,1.804-2.27 c-0.793,0.47-1.671,0.812-2.606,0.996C18.324,4.498,17.257,4,16.077,4c-2.266,0-4.103,1.837-4.103,4.103 c0,0.322,0.036,0.635,0.106,0.935C8.67,8.867,5.647,7.234,3.623,4.751C3.27,5.357,3.067,6.062,3.067,6.814 c0,1.424,0.724,2.679,1.825,3.415c-0.673-0.021-1.305-0.206-1.859-0.513c0,0.017,0,0.034,0,0.052c0,1.988,1.414,3.647,3.292,4.023 c-0.344,0.094-0.707,0.144-1.081,0.144c-0.264,0-0.521-0.026-0.772-0.074c0.522,1.63,2.038,2.816,3.833,2.85 c-1.404,1.1-3.174,1.756-5.096,1.756c-0.331,0-0.658-0.019-0.979-0.057c1.816,1.164,3.973,1.843,6.29,1.843 c7.547,0,11.675-6.252,11.675-11.675c0-0.178-0.004-0.355-0.012-0.531C20.985,7.47,21.68,6.747,22.23,5.924z\"><\/path><\/svg><\/a><\/li><\/ul>\n<\/div><\/div>\n\n\n\n<p><\/p>\n","protected":false},"excerpt":{"rendered":"<p>Xabi Oterok Jauzarreaz eta urteetako jakintza pilaketaz hitz egin digu. hemengoakweb@gmail.com<\/p>\n","protected":false},"author":1,"featured_media":0,"parent":0,"menu_order":0,"comment_status":"closed","ping_status":"closed","template":"","meta":[],"_links":{"self":[{"href":"https:\/\/www.hemengoak.eus\/index.php\/wp-json\/wp\/v2\/pages\/50"}],"collection":[{"href":"https:\/\/www.hemengoak.eus\/index.php\/wp-json\/wp\/v2\/pages"}],"about":[{"href":"https:\/\/www.hemengoak.eus\/index.php\/wp-json\/wp\/v2\/types\/page"}],"author":[{"embeddable":true,"href":"https:\/\/www.hemengoak.eus\/index.php\/wp-json\/wp\/v2\/users\/1"}],"replies":[{"embeddable":true,"href":"https:\/\/www.hemengoak.eus\/index.php\/wp-json\/wp\/v2\/comments?post=50"}],"version-history":[{"count":52,"href":"https:\/\/www.hemengoak.eus\/index.php\/wp-json\/wp\/v2\/pages\/50\/revisions"}],"predecessor-version":[{"id":429,"href":"https:\/\/www.hemengoak.eus\/index.php\/wp-json\/wp\/v2\/pages\/50\/revisions\/429"}],"wp:attachment":[{"href":"https:\/\/www.hemengoak.eus\/index.php\/wp-json\/wp\/v2\/media?parent=50"}],"curies":[{"name":"wp","href":"https:\/\/api.w.org\/{rel}","templated":true}]}}